 621*u - 624*u - 39 = 0. Give j(s).
-16
Let z = 14 - 17. Suppose 2*w - 4 = 18. Let d(f) = -16*f**2 + 6*f - 21. Let j(q) = 3*q**2 - q + 4. Let u(g) = w*j(g) + 2*d(g). Determine u(z).
8
Suppose -5*i - 46 = -3*w + 1, 0 = 3*w + 4*i - 119. Let z(f) = 2*f**2 - 57*f - 38. Give z(w).
-9
Suppose 5*b + 2*y = 5, -5*b + 4*y + 5 = 2*y. Let l(p) be the first derivative of 13*p**4/4 - p**3/3 + p - 482. What is l(b)?
13
Let r(g) = g**2 + g - 1. Let i be -3*(-77)/9 - (-2)/6. Suppose -i*j - 96 = 6*j. Determine r(j).
5
Let p(y) = -y**2 - 5*y + 7. Let n be 3*(2 - 1) - -1. Suppose -12 = n*x, -2*b + 78 = -2*x - 0*x. Let m = b + -42. Determine p(m).
1
Let c(z) be the first derivative of -17*z**2/2 + 38*z - 2375. Calculate c(4).
-30
Let s(l) = 2*l**2 - 12*l + 18. Let u be s(9). Let j = u - 69. Let t(d) = 3 + 0*d**2 + d + 2*d**2 + 4*d**2 + d**j + d**2. Determine t(-7).
-4
Suppose 148 = -21*d - 25*d + 9*d. Let a(p) = p**2 + 8*p + 6. Determine a(d).
-10
Let i(z) = -6 + 3*z**2 - 832*z + 835*z + 2*z**2. Let l(m) = -9*m**2 - 5*m + 12. Let t(o) = 7*i(o) + 4*l(o). Calculate t(-5).
-24
Let t(g) = -g**2 + 16*g - 10. Let h be (-2201)/(-213) + 28/6. Calculate t(h).
5
Let m = 9317 - 9317. Let d(t) = -t**3 + t**2 + 3*t + 3. What is d(m)?
3
Let q(r) = -572055*r**2 - 4*r - r + 572057*r**2 + 7 - 3*r. Let x be 17/4 + 12/16. Give q(x).
17
Let m = -201 - -204. Suppose m = -3*t + 6. Let s(b) = -12*b**3 - b**2 - b + 1. Determine s(t).
-13
Let a(t) = -t**2 + 16. Let y = 243 + -241. Let z be (4/y - 2)/(52 - 53). Give a(z).
16
Let g(l) = -97*l + 278*l - 36 - 85*l - 100*l. What is g(-8)?
-4
Let o(k) be the second derivative of 1/12*k**4 - 1/2*k**3 + 0 + 13*k - k**2. Suppose -v = -3 - 0. What is o(v)?
-2
Suppose j - 9 = z, -3*j + 1311*z = 1313*z - 22. Let k(r) = 6*r**2 - 47*r - 3. Give k(j).
5
Let o be 3 + (-1 + 0 - -1). Let j(x) = 5 + o - 3 - x**2 - 7. Let d(h) = -h**3 + h. Let n be d(0). Give j(n).
-2
Let i(o) be the second derivative of -o**5/20 + o**4/6 - 19*o**3 - 113*o. Let y(v) be the second derivative of i(v). Determine y(6).
-32
Let m(s) = -7*s. Let l be m(1). Let b(x) = -2361*x + 3 + 2354*x + 2*x**2 - 1 - 3. Let w(y) = -2*y**2 + 6*y + 1. Let i(f) = l*w(f) - 6*b(f). What is i(-1)?
1
Let s(y) = 3*y**2 - 3*y - 1. Suppose z = -2*m - 10, -m + 3*m = -4*z - 10. Let l be (m/15)/(2/(-18)). Determine s(l).
17
Let l(v) be the third derivative of -v**4/12 + v**3/3 - 893*v**2. Determine l(3).
-4
Let m(t) = t**2 + 18*t - 1. Let b(c) = -27*c + 4. Let s(f) = -2*b(f) - 2*m(f). Give s(8).
10
Let m(h) = -19*h**3 + 99*h**2 - 14*h - 5. Let z(n) = -3*n**3 + 16*n**2 - 2*n - 1. Let p(k) = -2*m(k) + 13*z(k). Give p(10).
17
Suppose -2*y = -15 + 11. Let f(k) = -180 - 2*k - 7*k + 184 + 2*k**2 - k**y. Determine f(8).
-4
Let d(r) = -r**3 - 6*r**2 + 3*r + 1. Let g(h) = h**3 - 11*h**2 + 11*h - 14. Let i be g(9). Let l = 71 + i. What is d(l)?
-17
Suppose 2*v + 12 = -4*x, -9*x + 5*v = -10*x - 12. Let b(h) = 2*h**3 + 2*h**2 + 2*h + 1. Determine b(x).
-11
Let w = 2304 + -2301. Let r(k) = -3*k**2 + 2*k**2 + 0*k**2. Let u(d) = d**3 - 7*d**2 - 6*d + 3. Let m(z) = w*r(z) - u(z). Calculate m(5).
2
Let s be 218/16 - (525/(-7800) - 8/26). Let y(n) = -21*n + 283. Calculate y(s).
-11
Suppose 5*r - 43 + 3 = 0. Let q = -266 - -281. Let j be r/6 + 4 + (-50)/q. Let x(n) = -9*n. What is x(j)?
-18
Let i(b) = -11*b - 7. Let t(g) = 20*g + 13. Let p(c) = -2*c**3 + 11*c**2 - 7*c - 1. Let j be p(5). Let a(l) = j*i(l) - 6*t(l). Determine a(-6).
-7
Let x = 5 + -6. Let j = 1 - x. Let s(y) = 25*y + 2 + 31*y + 25*y - 105*y + 28*y. Give s(j).
10
Let b(q) = q**3 - 4*q**2 + 2*q - 5. Suppose -241 = 5*o - w + 4*w, 2*o + 2*w = -94. Suppose 0 = -5*a - 50 + 320. Let i = a + o. Calculate b(i).
3
Suppose -r + 360 = -16*r. Let w be (6/(-4))/((306/r)/(-17)). Let g(j) = -j**3 - j**2 + 2*j + 1. What is g(w)?
1
Let x(l) = 90*l + 3434. Let p be x(-38). Let o(j) = -j + 30. Determine o(p).
16
Let l(w) = -3*w**3 + 47*w**2 + 192*w - 34. Let f be l(19). Let u(o) = 8*o - 3. Determine u(f).
29
Suppose 8*s = 7*s + 5. Suppose 2 = -s*r + 2*q, -r + 47 - 46 = q. Let w(z) = z**2 + 2. Calculate w(r).
2
Let v(m) = -10 - 2*m**2 - 148*m + 41*m + 44*m + 45*m. Determine v(-7).
18
Let a be 1/(3/(-144)) + (0 - 0). Suppose -3*b + 35 - 182 = 0. Let l = a - b. Let s(h) = -15*h**2 + 2*h - 1. Give s(l).
-14
Let j(q) = 4*q - 13 + 0*q - 3*q. Suppose 41*f - 53*f = 52*f - 512. Calculate j(f).
-5
Suppose -21 = -2*f - 7*f + 33. Let d(o) = 4*o + 10. What is d(f)?
34
Let r(q) be the first derivative of 5*q - 184 + 1/2*q**2. Determine r(-3).
2
Suppose 5*d + 24 = -38*u + 37*u, 5*d = -25. Let m(k) = 6*k**3 - 2*k + 3*k**2 + 2*k**2 + 1 - 3*k**2. Determine m(u).
7
Suppose -2*f + 18 + 30 = 0. Suppose 0 = -2*d - f + 22. Let i(a) = 2*a**3 + 3*a**2 + 2*a + 1. Determine i(d).
0
Let s(c) = 2*c**2 - 19*c + 22. Let p be 5/(-18 - -13)*-10. What is s(p)?
32
Let g(r) = r**3 - 5*r**2 - 6*r + 3. Suppose 228 = -220*i + 226*i. Suppose i*y = 34*y + 24. What is g(y)?
3
Let o(l) be the second derivative of -l**4/4 - 7*l**3/3 - 7*l**2 + 86*l + 2. What is o(-6)?
-38
Let a(y) = 5*y + 3. Let t be 110/22 + (-7 + -3 - 4 - -3). Give a(t).
-27
Suppose 7 = -7*a + 7. Suppose a = 3*x - 12, 3*y + y + 4 = -5*x. Let q(l) = 7*l - 2 - 5*l**3 + 4 - 5*l**2 + 4*l**3. Give q(y).
-4
Let k(v) = 2*v**3 - 10*v**2 + v - 7. Let r be k(7). Let d = r + -196. Let g(u) = u**2 - 7. Calculate g(d).
-7
Let v(m) be the second derivative of m**4/12 - m**3/6 - 3*m**2 - 34*m - 1. Suppose -n = 4*n. Calculate v(n).
-6
Let n(z) = -13*z + 3. Let y(v) = -v + 619 + 8*v - 621. Let x(o) = -3*n(o) - 5*y(o). Let l(q) = 2*q + 17. Let a be l(-9). Give x(a).
-3
Suppose 0 = d - 5*m - 1, 0*d = -2*d + 4*m - 4. Let f be ((-10)/d)/(65/156). Let a(j) = -5 + 3*j + 4 - f*j. Determine a(7).
-22
Let w be 15/(1/1) + (-2 - 3). Let t(u) = w*u - u**2 - 4*u**2 + 16 - 6*u**2 - 3 + 12*u**2. Give t(-8).
-3
Let q(m) be the first derivative of m**2 + 2*m + 4. Let g = -7 + 1. Give q(g).
-10
Let a be (25 - 23) + -6 + -21. Let p(l) = l**3 + 26*l**2 + 26*l - 10. Calculate p(a).
-35
Let z(q) = -13*q**2 + 34*q + 66. Let u(c) = -18*c**2 + 32*c + 66. Let h(x) = 3*u(x) - 4*z(x). Calculate h(-18).
6
Let o(x) = 186*x + 23 + x**2 - 404*x + 204*x. Calculate o(11).
-10
Let x = -31 - -22. Let k(c) be the first derivative of -c**4/4 - 3*c**3 + c**2 + 12*c + 26709. Give k(x).
-6
Let o(x) = x**2 + 4*x - 113. Suppose 5*v + 2*i - 59 = 0, 18*v - 17*v + 2*i = 23. Calculate o(v).
4
Let a(y) = -3*y**2 + y + 1. Let v be (-416)/(-91) + (-3)/(-7). Let s(b) = 3*b**2 + 8*b - 4*b**2 + 5*b**2 - 17 - b**3. Let d be s(v). What is a(d)?
-13
Suppose -2*j = -2*b, -4*b - 10 = 2*j - 28. Let s(l) = -3*l**2 - 3*l + 4. Give s(j).
-32
Let c(l) = 11*l + 0*l + 4692871 + 2*l**2 - 4692858. What is c(-4)?
1
Let i(q) = -44*q + 137. Let u be i(3). Let d(t) = -t**2 + 12*t - 12. Calculate d(u).
23
Let g(s) = -s**3 + 6*s**2 + 5*s + 10. Let p be 3*(-12)/(-9)*(-12 + 13). Suppose -p*u + 108 = 80. What is g(u)?
-4
Let w(u) = -5*u**3 + 13*u**2 - 5*u - 21. Let o(i) = -2*i**3 + i**2 - i + 1. Let b(f) = -3*o(f) + w(f). Determine b(-10).
-4
Suppose 4*z = 232*s - 237*s - 25, -2*s = -17*z - 269. Let c(n) = -n**2 - 13*n + 23. Determine c(z).
-7
Let p be (-651)/(-11) - 2/11. Suppose j + 65 - p = 0. Let a be (-66)/44*(-32)/j. Let s(v) = -v**3 - 7*v**2 + 10*v + 3. Determine s(a).
-13
Let a(h) be the third derivative of -h**4/24 - 5*h**3/6 - 3407*h**2. Let b(f) = 2*f**2 + 2*f + 1. Let x be b(-2). Let q be (x - 3)*10/(-4). Give a(q).
0
Let f = 19616 - 19609. Let m(i) be the second derivative of -i**5/20 + 2*i**4/3 - 4*i**3/3 + 9*i**2/2 - i. What is m(f)?
2
Let k(n) = -n**3 - 3*n**2 + 2*n - 1. Let m = 1048 + -949. Let c = -270 + 167. Let a = c + m. Calculate k(a).
7
Suppose -17*b + 11*b + 3972 = 0. Let j = -659 + b. Let r(s) = -s**3 + 4*s**2 - 3*s + 1. Give r(j).
1
Let c(q) = q**2 - 2*q - 3. Let k(p) = -p**3 - 12*p**2 + p + 6. Suppose -80 = 5*n - 20. Let m be k(n). Let w be ((-2)/m)/1*(-36)/(-3). What is c(w)?
5
Suppose 0 = 5*h + 5*n, -3*h - 5*n + 12 = -h. Let l(k) = 18*k + 952. Let o(q) = -4*q - 216. Let g(s) = -5*l(s) - 22*o(s). Calculate g(h).
0
Let o(n) be the third derivative of n**4/24 - n**3/6 + 4*n**2. Let q(f) = -f + 5. Let a be q(3). Suppose -34 = -3*j + 2*k, 4*k = -2*j - 6 + a. Calculate o(j).
7
Let k(r) be the third derivative of r**6/1